198. Let m = n - -349. Is m a prime number?
False
Suppose 535 - 55 = -24*v. Let l(q) = 39*q**2 - 20*q - 29. Is l(v) composite?
False
Is 40315824/46 + 464/10672 prime?
True
Let a = 60 - 47. Suppose l + a*l = 4746. Is l a prime number?
False
Suppose -3*h - 4*d + 7092 = h, -5*h + 8841 = -3*d. Suppose 0 = -6*v + 5694 + h. Suppose 11*t = 9*t + v. Is t a prime number?
False
Is (0 - (-136841)/3)/(420/(-63) - -7) a prime number?
True
Let d = 409988 - 269739. Is d prime?
True
Let d = -225 + 229. Is (d/6)/((-30)/(-40815)) a composite number?
False
Let v = 497 + -506. Let p(y) = -1641*y - 76. Is p(v) composite?
True
Let d be (0 + (-2)/(-2))*-769. Let v = d - -1530. Is v composite?
False
Suppose 2*u - 101*z = -99*z + 874434, 0 = -3*u - 5*z + 1311619. Is u prime?
False
Let k = -4043 - -6256. Suppose k = x - 180. Is x prime?
True
Is (-2)/34 + (-14033136)/(-1326) prime?
False
Let h be (-4338)/(-4)*26/39. Let a = h - 94. Is a a prime number?
False
Let k be (-3 - (-35)/15)*(-2022)/4. Suppose f + 210 = 2*z - k, 545 = 2*z - 3*f. Is z composite?
True
Let a(c) be the third derivative of -34*c**2 + 0*c + 0 - 19/8*c**4 + 41/6*c**3. Is a(-14) prime?
True
Let i = 6370 - -46053. Is i composite?
True
Let l(t) = 17*t**3 + 7*t**2 - 27*t + 27. Let d be l(26). Suppose 56*s = 13*s + d. Is s prime?
True
Suppose -4*y + 18038 = 3*z, -4*y = y + 2*z - 22544. Let s be y - 0/((-3)/(-3)). Suppose 4*n - 2*g - 23086 + s = 0, -4*n = -g - 18579. Is n composite?
True
Suppose 10180038 = 634*w - 568*w. Is w a prime number?
True
Let i(z) = 223*z - 27. Let l be i(6). Let c = 5691 - l. Suppose 7*y - c = -593. Is y prime?
True
Let j be 1 + (12/3)/4. Let c be 4/(9/(-6) + j). Suppose c*d - 5160 - 1952 = 0. Is d prime?
False
Let w = -821 - -825. Suppose 7*f = -w*f + 108383. Is f prime?
False
Is 387950 + -360 + -1 + 10 a composite number?
True
Is (116 + -117)/((-2)/(-592292))*(-3)/2 prime?
False
Suppose 2809*a = 2791*a + 748422. Is a prime?
True
Suppose 8 = 7*z - 13. Suppose -3*b = -z*b + b. Suppose 3*o - 1144 - 419 = b. Is o a composite number?
False
Suppose 0 = -3*b - q - 5, 0 = -4*b - 3*q + 6*q - 24. Let p(o) = 31*o**2 + 6*o + 10. Let s(v) = v**2 - v. Let l(n) = p(n) + 3*s(n). Is l(b) composite?
False
Suppose -2*z - 7*f + 2*f = -4, 0 = -2*z - 2*f + 16. Suppose 0 = -3*h - z, 2307 = 2*x - h - 6351. Is x a composite number?
False
Suppose -4*u - 4*u = -21*u - 28093. Let l be ((-2)/5)/(2/10). Is l/((-6481)/u - (2 + 1)) a prime number?
True
Suppose 220*o + 540584 = 228*o. Is o a composite number?
True
Let m(w) = 108*w**3 - 2*w**2 - 13*w + 33. Let z be m(6). Suppose 26*k = 35*k - z. Is k a composite number?
False
Let l(h) = 4*h**2 - 2*h + 29. Suppose -3*m = 99 - 69. Is l(m) composite?
False
Suppose -15*d = -v - 13*d + 146, -d = 4*v - 548. Suppose 0 = -v*l + 149*l - 26697. Is l a prime number?
False
Let c(m) = -6*m**3 + 35*m**2 + 8*m - 142. Is c(-28) composite?
True
Suppose 3*k - 23 + 11 = 0. Suppose -5*f = -k*c - 6789, 0 = 6*f - 2*f + 5*c - 5464. Is f a prime number?
True
Let j(u) = u**3 - 26*u**2 + 26*u - 20. Let b be j(25). Suppose -29491 = -b*c + 1714. Is c a composite number?
True
Let i(n) be the third derivative of 0*n + 17/6*n**3 + 0 - 17*n**2 + 47/12*n**4. Is i(9) a composite number?
False
Is 1/3*(-8 - (-29 + -404706)) composite?
False
Suppose 0 = 4*p + 12, 6*f = 3*f - p + 3579. Let v = 1550 - 2353. Let o = f + v. Is o prime?
False
Suppose 34 - 94 = -5*j. Suppose -j*n = -10*n - 2654. Is n a prime number?
True
Let z(q) = -26*q**2 + 34*q**2 - 1 + 3*q**3 - 11*q**3 + 8. Let g be z(-6). Suppose -361 = 2*n - g. Is n a prime number?
False
Suppose 4*o - 1924343 = 31*p - 34*p, -4*o + 32 = 0. Is p composite?
False
Let v be (2/4)/(9/36). Suppose -2*h - 26 = -6*h + 2*c, 0 = -2*h - v*c - 2. Suppose -5*a + 257 = h*r, -r - 5*a = -13 - 70. Is r composite?
True
Suppose -52 = b - 53. Is (256 + b)*21/7 composite?
True
Suppose -233*f = -236*f + 148734. Is (-1)/3*-2*f/4 prime?
True
Suppose -3*f = 2*a - 30256, -a = -f - 4*f + 50418. Suppose -2099 = -m + u + 422, 2*u - f = -4*m. Is m composite?
False
Let g be ((-2291)/(-87) + -27)/(2*(-2)/2346). Suppose 83 = 5*d - 5*t - 2637, 0 = 5*d - 4*t - 2724. Let x = d - g. Is x composite?
False
Let x be 1*(7 - -2) + -5. Suppose -2649 = -x*d + 5*k + 4463, 0 = -5*d + 2*k + 8907. Is d composite?
False
Let u(p) = -12 + 103*p - 6 + 4. Let b be 1881/594 + 2/(-12). Is u(b) a prime number?
False
Let t be 1*(31 - -1 - 0 - 1). Let n = t - 30. Is 479/n*(-1)/(3/(-15)) a composite number?
True
Is 11/(210770/(-1477105) + 1/7) a composite number?
True
Let j = -698398 + 1709621. Is j prime?
False
Let w(l) = 33*l**2 - 17*l - 149. Is w(-35) prime?
False
Suppose -427147 = -5*w - 5*m + 458983, 2*m + 1240609 = 7*w. Is w prime?
False
Suppose 16 = 2*c + p, 0 = -5*c - 4*p + 39 + 4. Let n be (6/(-21) + 9/c)/1. Is n/2 + 2762/4 a prime number?
True
Let l(g) = -g**3 - 13*g**2 + 11*g - 37. Let u be l(-14). Suppose 2*n - 378433 = -u*s + 321059, n - 419696 = -3*s. Is s/60 - (14/(-6) + 1) prime?
True
Suppose -76545 = 6*u + 29*u. Let k = 3544 + u. Is k prime?
False
Let i = 319784 + -36243. Is i composite?
False
Suppose -115*j = -119*j + 116. Suppose 30*p - j*p - 3*q = 1460, 1456 = p - q. Is p composite?
True
Let i(g) = -14*g**2 + 37*g + 110. Let r be i(-38). Let u = r - -62557. Is u a prime number?
False
Let o = 32951 - 3492. Is o a prime number?
False
Let f be 59984/7 + 12/(-84). Suppose 5*z = f + 1176. Is z a prime number?
True
Let q be (-159176)/(-26) - (-10)/(-65). Let u = -1105 + q. Is u composite?
True
Let s = -227 + 227. Suppose 0 = 4*n + 12 - s, 3*m - n - 4434 = 0. Is m prime?
False
Let c(o) = 7594*o - 2253. Is c(11) composite?
False
Let o(i) = 31 - 838*i - 692*i - 573*i + 31*i. Is o(-3) a composite number?
False
Let q be (24/84)/(5/35). Is ((-29301)/q)/((-147)/98) a prime number?
True
Suppose 90033 = -10*t + 672143. Is t prime?
True
Suppose 3*b - 2*c - 156195 = -0*c, 52061 = b - 2*c. Is b a composite number?
False
Suppose -4*u = -0*c - c - 13, 2*u + 16 = -4*c. Suppose 4*f - 3*z = 1000, 0*f + 3*f = -u*z + 733. Suppose f = -x + 1082. Is x composite?
True
Suppose a + 34 = g + 4, 0 = 3*g + a - 70. Is 2309 - g - -2*(-4)/(-8) prime?
False
Suppose 18*r - 23*r - 83352 = -a, -166659 = -2*a + r. Is a composite?
True
Let x be -10*((-2)/(-15) - (-2)/(-6)). Suppose -x*b + 24*s = 26*s - 4368, -s - 4383 = -2*b. Is b a prime number?
False
Let x = -18610 - -30807. Is x prime?
True
Suppose -2*r = -5*p + 198, -2*r + 9*p - 12*p - 214 = 0. Suppose -4*f + 9*f = 7885. Let l = f - r. Is l prime?
False
Suppose -12*p - 13*p = -325. Let s(n) = 28*n + 85. Is s(p) a prime number?
True
Suppose -h = 4*n - 10714, -h + 0*h - 3*n + 10714 = 0. Suppose -3*w - 3349 = -h. Suppose 5*g + 5*d - w = 0, g - 1980 = -3*g + 4*d. Is g composite?
True
Let z(c) = -c**2 - 32*c - 85. Let w be z(-29). Is w/5 - 34482/(-70) prime?
False
Suppose 3776 = -101*b + 93*b. Let u = 80 + -250. Let y = u - b. Is y a composite number?
True
Suppose d = -v + 34344, 8*d = 6*d + 3*v + 68673. Is d composite?
True
Let v(p) = 24 + 3*p + 85*p**2 - 4 - 11*p - 16. Let m(j) = 86*j**2 - 7*j + 4. Let d(t) = 3*m(t) - 2*v(t). Is d(3) composite?
True
Let k(v) = 13510*v - 2165. Is k(7) composite?
True
Let u(x) = 2688*x - 38. Let t be u(10). Let h = t + -12911. Is h composite?
False
Let j(v) = -28*v - 682. Let l(y) = -14*y - 337. Let k(d) = 2*j(d) - 5*l(d). Is k(29) a prime number?
True
Is 5*3/((-195)/(-305591)) a prime number?
False
Let r = -3112 + 6455. Suppose -403*x + r = -402*x. Is x composite?
False
Let p(r) = 3 + 272*r + 3 - 80*r + 31*r. Let a be 66/14 - (-12)/42. Is p(a) composite?
True
Let n be (836/33)/((-2)/(-837)). Let f = n + -6863. Is f composite?
False
Let g(b) = -11739*b + 50. Let v be g(1). Let p = -6612 - v. Is p composite?
False
Let i = 87 + -83. Suppose 2*t - 5*p - 3525 = 0, -i*t + 0*p + 3*p = -7057. Is t composite?
True
Let w = 2945085 + -1255558. Is w composite?
True
Suppose 0 = 9*w - 11*w - 3*d - 13, w - 4*d = 21. Let r(a) = 832*a**2 - a. Is r(w) a prime number?
False
Let w be 4/(-14) + -20*(-11)/(-14). Let i = -13 - w. Suppose -5*f - 503 + 6244 = 4*m, -i*m = -2*f + 2278. Is f a prime number?
False
Suppose a + 2*p = 0, 0*a - p + 18 = 5*a. Suppose -a*l = -3*y + 22, 4*l - 7 + 25 = y. Is 3 + (0 + l - -318) a composite number?
False
Let p(f) = -11*f + 33. Let